{"id":147,"date":"2017-06-01T17:31:00","date_gmt":"2017-06-01T17:31:00","guid":{"rendered":"http:\/\/meine.hopro.ch\/cms\/?page_id=147"},"modified":"2024-11-27T15:03:14","modified_gmt":"2024-11-27T15:03:14","slug":"beispiel-mit-map","status":"publish","type":"page","link":"https:\/\/meine.hopro.ch\/cms\/?page_id=147","title":{"rendered":"Beispiel mit Map"},"content":{"rendered":"<h1>\n<div class=\"uk-hidden@s\"><b>Oh, oh!<br \/>\nAuf kleinem Bildschirm sieht man da nicht viel. Aber keine Angst, du kriegst alles zu sehen. Halte dein Smartphone quer, dann siehst du mehr (und das reimt sich sogar).<\/b><\/div>\n<\/h1>\n<p><img decoding=\"async\" src=\"\/cms\/wp-content\/uploads\/2017\/05\/KSHP_ZH_2012_098.jpg\" alt=\"\"><\/p>\n<ul>\n<li>\n<p>        <img decoding=\"async\" src=\"\/cms\/wp-content\/uploads\/2017\/10\/DSC_0096.jpg\" alt=\"\"><\/p>\n<h3>Die freundliche Sekret\u00e4rin Frau Stalder (links) organisiert auch die Aufnahmepr\u00fcfung. Sie freut sich, wenn du die Pr\u00fcfung bestehst!<\/h3>\n<\/li>\n<li>\n<p>        <img decoding=\"async\" src=\"\/cms\/wp-content\/uploads\/2017\/11\/KSHP_2010_053.jpg\" alt=\"\"><\/p>\n<h3>Die Mediothek. Tausende von B\u00fcchern, DVDs oder auch Computer und Kameras zum Ausleihen.<\/h3>\n<p><a href=\"https:\/\/www.kshp.ch\/info\/538.0.html\">Weiter!<\/a><\/p>\n<\/li>\n<li>\n<p>        <img decoding=\"async\" src=\"\/cms\/wp-content\/uploads\/2017\/11\/Bildschirmfoto-2017-11-05-um-17.27.30.png\" alt=\"\"><\/p>\n<h3>Vogelperspektive. Unsere Webcam live!<\/h3>\n<p><a href=\"https:\/\/www.kshp.ch\">Weiter!<\/a><\/p>\n<\/li>\n<li>\n<p>        <img decoding=\"async\" src=\"\/cms\/wp-content\/uploads\/2017\/11\/KSHP_2010_005.jpg\" alt=\"\"><\/p>\n<h3>Pausenhof. Im Sommer Pingpong spielen, im Winter Schneem\u00e4nner bauen. <\/h3>\n<\/li>\n<li>\n<p>        <img decoding=\"async\" src=\"\/cms\/wp-content\/uploads\/2017\/11\/MG_3537_out.jpg\" alt=\"\"><\/p>\n<h3>Eine grosse T\u00fcre zum sch\u00f6nsten Schulhaus der Stadt. \u00d6ffne sie!<\/h3>\n<p><a href=\"#karte\">Weiter!<\/a><\/p>\n<\/li>\n<li>\n<p>        <img decoding=\"async\" src=\"\/cms\/wp-content\/uploads\/2017\/11\/KSHP_ZH_2012_1181.jpg\" alt=\"\"><\/p>\n<h3>Pausenplatz.  Frische Luft schnappen oder eine Partie Schach?<\/h3>\n<\/li>\n<li>\n<p>        <img decoding=\"async\" src=\"\/cms\/wp-content\/uploads\/2017\/11\/KSHP_ZH_2012_015.jpg\" alt=\"\"><\/p>\n<h3>Aula. Hier finden Konzerte, das Theater und andere sch\u00f6ne Anl\u00e4sse statt. <\/h3>\n<p><a href=\"https:\/\/www.kshp.ch\/info\/473.0.html\">Weiter!<\/a><\/p>\n<\/li>\n<li>\n<p>        <img decoding=\"async\" src=\"\/cms\/wp-content\/uploads\/2017\/11\/KSHP_2010_012.jpg\" alt=\"\"><\/p>\n<h3>Schulweg. Drei Minuten zum Stadelhofen und Bellevue. Zentraler geht&#8217;s nicht.<\/h3>\n<\/li>\n<li>\n<p>        <img decoding=\"async\" src=\"\/cms\/wp-content\/uploads\/2017\/11\/Essensorte.jpg\" alt=\"\"><\/p>\n<h3>Wo gehen wir Mittagessen? Die Liste der besten Essensorte.<\/h3>\n<div><button class=\"uk-button uk-button-default uk-align-left type=\"button\" uk-toggle=\"target: #modal-1\" >Wo genau?<\/button>  <\/p>\n<p><!-- MODAL 1 -->  <\/p>\n<div id=\"modal-1\" uk-modal=\"center: true\" uk-modal >\n<div class=\"uk-modal-dialog uk-modal-body\" >\n<p><img decoding=\"async\" src=\"\/cms\/wp-content\/uploads\/2017\/11\/Essensorte.jpg\"><\/p>\n<p><button class=\"uk-button uk-button-default uk-modal-close\" type=\"button\">zur\u00fcck<\/button><br \/> \n<\/div>\n<\/div>\n<\/div>\n<\/li>\n<li>\n<p>        <img decoding=\"async\" src=\"\/cms\/wp-content\/uploads\/2017\/11\/Bildschirmfoto-2017-11-05-um-18.18.57.png\" alt=\"\"><\/p>\n<h3>Unsere Sch\u00fclerorganisation hat hier hinten ein eigenes Zimmer. Cool.<\/h3>\n<p><a href=\"https:\/\/www.sov-kshp.ch\">Weiter!<\/a><\/p>\n<\/li>\n<li>\n<p>        <img decoding=\"async\" src=\"\/cms\/wp-content\/uploads\/2017\/11\/KSHP_2010_051.jpg\" alt=\"\"><\/p>\n<h3>Die Schulzimmer sind topmodern ausgestattet: Computer, Beamer und WiFi. Jeder hat einen eigenen Account.<\/h3>\n<\/li>\n<li>\n<p>        <img decoding=\"async\" src=\"\/cms\/wp-content\/uploads\/2017\/11\/KSHP_2010_019.jpg\" alt=\"\"><\/p>\n<h3>Jede Erstkl\u00e4sslerin, jeder Erstkl\u00e4ssler hat einen eigenen Spind. Mega!<\/h3>\n<\/li>\n<\/ul>\n<ul>\n<li>\n        <a href=\"http:\/\/meine.hopro.ch\/cms\">Zur \u00dcbersicht<\/a>\n    <\/li>\n<li>\n        <a href=\"#karte\">Karte<\/a>\n    <\/li>\n<\/ul>\n<h1>Mittendrin!<\/h1>\n<div>\n<p>Die HoPro ist das Gymnasium im Herzen der Stadt. Alles liegt in Fussdistanz: Die besten Hamburger und Sushis, der See, der Bahnhof Stadelhofen, Shops, Kinos, die Unis sowie Kunst und Kultur im Schauspielhaus, Kunsthaus oder im Opernhaus. Genial.<br \/><a href=\"https:\/\/www.kshp.ch\/die-schule\/unser-unterrichtsangebot\/anmeldung-an-die-schule#c4174\" target=\"_blank\" rel=\"noopener\">Hier melde ich mich an! (Klicken)<\/a><\/p>\n<\/div>\n<div>\n<p>47.3688,8.5484<\/p>\n<h3>Hohe Promenade!<\/h3>\n<div>Gute Aussichten hier oben!<\/div>\n<\/div>\n<ul>\n<li>\n        <a href=\"http:\/\/meine.hopro.ch\/cms\">Zur \u00dcbersicht<\/a>\n    <\/li>\n<li>\n        <a href=\"#\">Nach oben<\/a>\n    <\/li>\n<\/ul>\n<p><!--more--><br \/>\n<!-- {\"type\":\"layout\",\"children\":[{\"name\":\"HeroStandard\",\"type\":\"section\",\"props\":{\"animation\":\"fade\",\"height\":\"viewport\",\"height_offset_top\":true,\"image\":\"wp-content\\\/uploads\\\/2017\\\/05\\\/wandtafel.jpg\",\"image_position\":\"center-center\",\"image_size\":\"cover\",\"style\":\"default\",\"title_breakpoint\":\"xl\",\"title_position\":\"top-left\",\"title_rotation\":\"left\",\"vertical_align\":\"middle\",\"width\":\"default\"},\"children\":[{\"type\":\"row\",\"children\":[{\"type\":\"column\",\"props\":{\"image_position\":\"center-center\",\"position_sticky_breakpoint\":\"m\",\"width_medium\":\"1-1\"},\"children\":[{\"type\":\"headline\",\"props\":{\"content\":\"\n\n<div class=\\\"uk-hidden@s\\\"><b>Oh, oh!<br\\\/>\\nAuf kleinem Bildschirm sieht man da nicht viel. Aber keine Angst, du kriegst alles zu sehen. Halte dein Smartphone quer, dann siehst du mehr (und das reimt sich sogar).<\\\/b><\\\/div>\\n\",\"margin\":\"medium\",\"title_color\":\"primary\",\"title_element\":\"h1\",\"title_style\":\"h3\",\"visibility\":\"hidden-m\"}},{\"type\":\"popover\",\"props\":{\"background_image\":\"wp-content\\\/uploads\\\/2017\\\/05\\\/KSHP_ZH_2012_098.jpg\",\"card_style\":\"primary\",\"drop_mode\":\"hover\",\"drop_position\":\"top-center\",\"icon\":\"plus\",\"image_card_padding\":false,\"image_height\":\"200\",\"image_svg_color\":\"emphasis\",\"link_style\":\"default\",\"link_text\":\"Weiter!\",\"margin\":\"default\",\"meta_align\":\"below-title\",\"meta_element\":\"div\",\"meta_margin\":\"remove\",\"meta_style\":\"text-meta\",\"show_content\":true,\"show_image\":true,\"show_link\":true,\"show_meta\":true,\"show_title\":true,\"title_element\":\"h3\",\"title_hover_style\":\"reset\",\"visibility\":\"s\"},\"children\":[{\"type\":\"popover_item\",\"props\":{\"content\":\"\",\"drop_position\":\"right-center\",\"image\":\"wp-content\\\/uploads\\\/2017\\\/10\\\/DSC_0096.jpg\",\"meta\":\"\",\"position_x\":43,\"position_y\":37,\"title\":\"Die freundliche Sekret\\u00e4rin Frau Stalder (links) organisiert auch die Aufnahmepr\\u00fcfung. Sie freut sich, wenn du die Pr\\u00fcfung bestehst!\"}},{\"type\":\"popover_item\",\"props\":{\"drop_position\":\"right-center\",\"image\":\"wp-content\\\/uploads\\\/2017\\\/11\\\/KSHP_2010_053.jpg\",\"link\":\"https:\\\/\\\/www.kshp.ch\\\/info\\\/538.0.html\",\"position_y\":56,\"title\":\"Die Mediothek. Tausende von B\\u00fcchern, DVDs oder auch Computer und Kameras zum Ausleihen.\"}},{\"type\":\"popover_item\",\"props\":{\"content\":\"\",\"image\":\"wp-content\\\/uploads\\\/2017\\\/11\\\/Bildschirmfoto-2017-11-05-um-17.27.30.png\",\"link\":\"https:\\\/\\\/www.kshp.ch\",\"position_x\":\"30\",\"position_y\":\"20\",\"title\":\"Vogelperspektive. Unsere Webcam live!\"}},{\"type\":\"popover_item\",\"props\":{\"image\":\"wp-content\\\/uploads\\\/2017\\\/11\\\/KSHP_2010_005.jpg\",\"position_x\":66,\"position_y\":\"60\",\"title\":\"Pausenhof. Im Sommer Pingpong spielen, im Winter Schneem\\u00e4nner bauen. \"}},{\"type\":\"popover_item\",\"props\":{\"content\":\"\",\"image\":\"wp-content\\\/uploads\\\/2017\\\/11\\\/MG_3537_out.jpg\",\"link\":\"#karte\",\"position_x\":25,\"position_y\":59,\"title\":\"Eine grosse T\\u00fcre zum sch\\u00f6nsten Schulhaus der Stadt. \\u00d6ffne sie!\"}},{\"type\":\"popover_item\",\"props\":{\"drop_position\":\"left-center\",\"image\":\"wp-content\\\/uploads\\\/2017\\\/11\\\/KSHP_ZH_2012_1181.jpg\",\"position_x\":49,\"position_y\":48,\"title\":\"Pausenplatz.  Frische Luft schnappen oder eine Partie Schach?\"}},{\"type\":\"popover_item\",\"props\":{\"drop_position\":\"left-center\",\"image\":\"wp-content\\\/uploads\\\/2017\\\/11\\\/KSHP_ZH_2012_015.jpg\",\"link\":\"https:\\\/\\\/www.kshp.ch\\\/info\\\/473.0.html\",\"position_x\":65,\"position_y\":37,\"title\":\"Aula. Hier finden Konzerte, das Theater und andere sch\\u00f6ne Anl\\u00e4sse statt. \"}},{\"type\":\"popover_item\",\"props\":{\"image\":\"wp-content\\\/uploads\\\/2017\\\/11\\\/KSHP_2010_012.jpg\",\"position_x\":84,\"position_y\":83,\"title\":\"Schulweg. Drei Minuten zum Stadelhofen und Bellevue. Zentraler geht's nicht.\"}},{\"type\":\"popover_item\",\"props\":{\"content\":\"<button class=\\\"uk-button uk-button-default uk-align-left type=\\\"button\\\" uk-toggle=\\\"target: #modal-1\\\" >Wo genau?<\\\/button>  \\n\\n\\n<!-- MODAL 1 -->  \\n<\/p>\n<div id=\\\"modal-1\\\" uk-modal=\\\"center: true\\\" uk-modal >  \\n<\/p>\n<div class=\\\"uk-modal-dialog uk-modal-body\\\" >  \\n\\n<img src=\\\"wp-content\\\/uploads\\\/2017\\\/11\\\/Essensorte.jpg\\\"><br\\\/><br\\\/>\\n\\n<button class=\\\"uk-button uk-button-default uk-modal-close\\\" type=\\\"button\\\">zur\\u00fcck<\\\/button><br \/>  \\n<\\\/div>  \\n<\\\/div>  \\n\\n&#8220;,&#8220;image&#8220;:&#8220;wp-content\\\/uploads\\\/2017\\\/11\\\/Essensorte.jpg&#8220;,&#8220;position_x&#8220;:34,&#8220;position_y&#8220;:60,&#8220;title&#8220;:&#8220;Wo gehen wir Mittagessen? Die Liste der besten Essensorte.&#8220;}},{&#8222;type&#8220;:&#8220;popover_item&#8220;,&#8220;props&#8220;:{&#8222;image&#8220;:&#8220;wp-content\\\/uploads\\\/2017\\\/11\\\/Bildschirmfoto-2017-11-05-um-18.18.57.png&#8220;,&#8220;link&#8220;:&#8220;https:\\\/\\\/www.sov-kshp.ch&#8220;,&#8220;position_x&#8220;:59,&#8220;position_y&#8220;:56,&#8220;title&#8220;:&#8220;Unsere Sch\\u00fclerorganisation hat hier hinten ein eigenes Zimmer. Cool.&#8220;}},{&#8222;type&#8220;:&#8220;popover_item&#8220;,&#8220;props&#8220;:{&#8222;drop_position&#8220;:&#8220;right-center&#8220;,&#8220;image&#8220;:&#8220;wp-content\\\/uploads\\\/2017\\\/11\\\/KSHP_2010_051.jpg&#8220;,&#8220;position_x&#8220;:19,&#8220;position_y&#8220;:41,&#8220;title&#8220;:&#8220;Die Schulzimmer sind topmodern ausgestattet: Computer, Beamer und WiFi. Jeder hat einen eigenen Account.&#8220;}},{&#8222;type&#8220;:&#8220;popover_item&#8220;,&#8220;props&#8220;:{&#8222;image&#8220;:&#8220;wp-content\\\/uploads\\\/2017\\\/11\\\/KSHP_2010_019.jpg&#8220;,&#8220;position_x&#8220;:17,&#8220;position_y&#8220;:60,&#8220;title&#8220;:&#8220;Jede Erstkl\\u00e4sslerin, jeder Erstkl\\u00e4ssler hat einen eigenen Spind. Mega!&#8220;}}]},{&#8222;name&#8220;:&#8220;Zur\\u00fcckbutton&#8220;,&#8220;type&#8220;:&#8220;button&#8220;,&#8220;props&#8220;:{&#8222;button_size&#8220;:&#8220;large&#8220;,&#8220;grid_column_gap&#8220;:&#8220;small&#8220;,&#8220;grid_row_gap&#8220;:&#8220;small&#8220;,&#8220;margin&#8220;:&#8220;default&#8220;,&#8220;text_align&#8220;:&#8220;center&#8220;},&#8220;children&#8220;:[{&#8222;type&#8220;:&#8220;button_item&#8220;,&#8220;props&#8220;:{&#8222;button_style&#8220;:&#8220;primary&#8220;,&#8220;content&#8220;:&#8220;Zur \\u00dcbersicht&#8220;,&#8220;icon&#8220;:&#8220;thumbnails&#8220;,&#8220;icon_align&#8220;:&#8220;left&#8220;,&#8220;link&#8220;:&#8220;http:\\\/\\\/meine.hopro.ch\\\/cms&#8220;,&#8220;link_title&#8220;:&#8220;Gespannt auf anderes? Dann nichts wie zur\\u00fcck!&#8220;}},{&#8222;type&#8220;:&#8220;button_item&#8220;,&#8220;props&#8220;:{&#8222;button_style&#8220;:&#8220;primary&#8220;,&#8220;content&#8220;:&#8220;Karte&#8220;,&#8220;icon&#8220;:&#8220;location&#8220;,&#8220;icon_align&#8220;:&#8220;left&#8220;,&#8220;link&#8220;:&#8220;#karte&#8220;}}]}]}]}]},{&#8222;name&#8220;:&#8220;HeroStandard&#8220;,&#8220;type&#8220;:&#8220;section&#8220;,&#8220;props&#8220;:{&#8222;animation&#8220;:&#8220;fade&#8220;,&#8220;height&#8220;:&#8220;viewport&#8220;,&#8220;image&#8220;:&#8220;wp-content\\\/uploads\\\/2017\\\/05\\\/wandtafel.jpg&#8220;,&#8220;image_position&#8220;:&#8220;center-center&#8220;,&#8220;image_size&#8220;:&#8220;cover&#8220;,&#8220;style&#8220;:&#8220;default&#8220;,&#8220;title_breakpoint&#8220;:&#8220;xl&#8220;,&#8220;title_position&#8220;:&#8220;top-left&#8220;,&#8220;title_rotation&#8220;:&#8220;left&#8220;,&#8220;vertical_align&#8220;:&#8220;middle&#8220;,&#8220;width&#8220;:&#8220;default&#8220;},&#8220;children&#8220;:[{&#8222;type&#8220;:&#8220;row&#8220;,&#8220;children&#8220;:[{&#8222;type&#8220;:&#8220;column&#8220;,&#8220;props&#8220;:{&#8222;image_position&#8220;:&#8220;center-center&#8220;,&#8220;position_sticky_breakpoint&#8220;:&#8220;m&#8220;,&#8220;width_medium&#8220;:&#8220;1-1&#8243;},&#8220;children&#8220;:[{&#8222;type&#8220;:&#8220;headline&#8220;,&#8220;props&#8220;:{&#8222;content&#8220;:&#8220;Mittendrin!&#8220;,&#8220;title_color&#8220;:&#8220;primary&#8220;,&#8220;title_element&#8220;:&#8220;h1&#8243;,&#8220;title_style&#8220;:&#8220;heading-xlarge&#8220;}},{&#8222;type&#8220;:&#8220;text&#8220;,&#8220;props&#8220;:{&#8222;column_breakpoint&#8220;:&#8220;m&#8220;,&#8220;content&#8220;:&#8220;<\/p>\n<p>Die HoPro ist das Gymnasium im Herzen der Stadt. Alles liegt in Fussdistanz: Die besten Hamburger und Sushis, der See, der Bahnhof Stadelhofen, Shops, Kinos, die Unis sowie Kunst und Kultur im Schauspielhaus, Kunsthaus oder im Opernhaus. Genial.<br \\\/><a href=\\\"https:\\\/\\\/www.kshp.ch\\\/die-schule\\\/unser-unterrichtsangebot\\\/anmeldung-an-die-schule#c4174\\\" target=\\\"_blank\\\" rel=\\\"noopener\\\">Hier melde ich mich an! (Klicken)<\\\/a><\\\/p>&#8222;,&#8220;margin&#8220;:&#8220;xlarge&#8220;,&#8220;margin_remove_top&#8220;:true,&#8220;text_color&#8220;:&#8220;muted&#8220;,&#8220;text_style&#8220;:&#8220;large&#8220;}},{&#8222;type&#8220;:&#8220;map&#8220;,&#8220;props&#8220;:{&#8222;controls&#8220;:true,&#8220;dragging&#8220;:true,&#8220;height&#8220;:&#8220;500px&#8220;,&#8220;id&#8220;:&#8220;karte&#8220;,&#8220;image_svg_color&#8220;:&#8220;emphasis&#8220;,&#8220;link_style&#8220;:&#8220;default&#8220;,&#8220;link_text&#8220;:&#8220;Read more&#8220;,&#8220;margin&#8220;:&#8220;default&#8220;,&#8220;max_zoom&#8220;:18,&#8220;meta_align&#8220;:&#8220;below-title&#8220;,&#8220;meta_element&#8220;:&#8220;div&#8220;,&#8220;meta_style&#8220;:&#8220;text-meta&#8220;,&#8220;min_zoom&#8220;:0,&#8220;poi&#8220;:false,&#8220;show_content&#8220;:true,&#8220;show_image&#8220;:true,&#8220;show_link&#8220;:true,&#8220;show_meta&#8220;:true,&#8220;show_title&#8220;:true,&#8220;styler_hue&#8220;:&#8220;#0d6870&#8243;,&#8220;title_element&#8220;:&#8220;h3&#8243;,&#8220;title_hover_style&#8220;:&#8220;reset&#8220;,&#8220;type&#8220;:&#8220;roadmap&#8220;,&#8220;zoom&#8220;:&#8220;16&#8243;,&#8220;zooming&#8220;:true},&#8220;children&#8220;:[{&#8222;type&#8220;:&#8220;map_item&#8220;,&#8220;props&#8220;:{&#8222;content&#8220;:&#8220;Gute Aussichten hier oben!&#8220;,&#8220;location&#8220;:&#8220;47.3688,8.5484&#8243;,&#8220;show_popup&#8220;:true,&#8220;title&#8220;:&#8220;Hohe Promenade!&#8220;}}]},{&#8222;name&#8220;:&#8220;Zur\\u00fcckbutton&#8220;,&#8220;type&#8220;:&#8220;button&#8220;,&#8220;props&#8220;:{&#8222;button_size&#8220;:&#8220;large&#8220;,&#8220;grid_column_gap&#8220;:&#8220;small&#8220;,&#8220;grid_row_gap&#8220;:&#8220;small&#8220;,&#8220;margin&#8220;:&#8220;default&#8220;,&#8220;text_align&#8220;:&#8220;center&#8220;},&#8220;children&#8220;:[{&#8222;type&#8220;:&#8220;button_item&#8220;,&#8220;props&#8220;:{&#8222;button_style&#8220;:&#8220;primary&#8220;,&#8220;content&#8220;:&#8220;Zur \\u00dcbersicht&#8220;,&#8220;icon&#8220;:&#8220;thumbnails&#8220;,&#8220;icon_align&#8220;:&#8220;left&#8220;,&#8220;link&#8220;:&#8220;http:\\\/\\\/meine.hopro.ch\\\/cms&#8220;,&#8220;link_title&#8220;:&#8220;Gespannt auf anderes? Dann nichts wie zur\\u00fcck!&#8220;}},{&#8222;type&#8220;:&#8220;button_item&#8220;,&#8220;props&#8220;:{&#8222;button_style&#8220;:&#8220;primary&#8220;,&#8220;content&#8220;:&#8220;Nach oben&#8220;,&#8220;icon&#8220;:&#8220;arrow-up&#8220;,&#8220;icon_align&#8220;:&#8220;right&#8220;,&#8220;link&#8220;:&#8220;#&#8220;}}]}]}]}]}],&#8220;version&#8220;:&#8220;4.4.12&#8243;} &#8211;><\/p>\n","protected":false},"excerpt":{"rendered":"<p>Oh, oh! Auf kleinem Bildschirm sieht man da nicht viel. Aber keine Angst, du kriegst alles zu sehen. Halte dein Smartphone quer, dann siehst du mehr (und das reimt sich sogar). Die freundliche Sekret\u00e4rin Frau Stalder (links) organisiert auch die Aufnahmepr\u00fcfung. Sie freut sich, wenn du die Pr\u00fcfung bestehst! Die Mediothek. Tausende von B\u00fcchern, DVDs [&hellip;]<\/p>\n","protected":false},"author":1,"featured_media":0,"parent":0,"menu_order":0,"comment_status":"closed","ping_status":"closed","template":"","meta":{"footnotes":""},"class_list":["post-147","page","type-page","status-publish","hentry"],"_links":{"self":[{"href":"https:\/\/meine.hopro.ch\/cms\/index.php?rest_route=\/wp\/v2\/pages\/147","targetHints":{"allow":["GET"]}}],"collection":[{"href":"https:\/\/meine.hopro.ch\/cms\/index.php?rest_route=\/wp\/v2\/pages"}],"about":[{"href":"https:\/\/meine.hopro.ch\/cms\/index.php?rest_route=\/wp\/v2\/types\/page"}],"author":[{"embeddable":true,"href":"https:\/\/meine.hopro.ch\/cms\/index.php?rest_route=\/wp\/v2\/users\/1"}],"replies":[{"embeddable":true,"href":"https:\/\/meine.hopro.ch\/cms\/index.php?rest_route=%2Fwp%2Fv2%2Fcomments&post=147"}],"version-history":[{"count":38,"href":"https:\/\/meine.hopro.ch\/cms\/index.php?rest_route=\/wp\/v2\/pages\/147\/revisions"}],"predecessor-version":[{"id":607,"href":"https:\/\/meine.hopro.ch\/cms\/index.php?rest_route=\/wp\/v2\/pages\/147\/revisions\/607"}],"wp:attachment":[{"href":"https:\/\/meine.hopro.ch\/cms\/index.php?rest_route=%2Fwp%2Fv2%2Fmedia&parent=147"}],"curies":[{"name":"wp","href":"https:\/\/api.w.org\/{rel}","templated":true}]}}