{"id":166,"date":"2017-06-01T17:49:38","date_gmt":"2017-06-01T17:49:38","guid":{"rendered":"http:\/\/meine.hopro.ch\/cms\/?page_id=166"},"modified":"2017-11-14T12:29:02","modified_gmt":"2017-11-14T12:29:02","slug":"166-2","status":"publish","type":"page","link":"https:\/\/meine.hopro.ch\/cms\/?page_id=166","title":{"rendered":"Probezeit"},"content":{"rendered":"<p><button class=\"uk-button uk-button-primary uk-margin-small-right\" type=\"button\" uk-toggle=\"target: #modal-eins\">Mehr<\/button><\/p>\n<p><!-- This is the modal --><\/p>\n<div id=\"modal-eins\" uk-modal>\n<div class=\"uk-modal-dialog uk-modal-body\">\n<p>Um an die Hohe Promenade zu kommen, gehst du genau gleich vor wie f\u00fcr alle Gymnasien. Du musst die Aufnahmepr\u00fcfung bestehen.<\/p>\n<p class=\"uk-text-right\">\n            <button class=\"uk-button uk-button-default uk-modal-close\" type=\"button\">Schliessen<\/button><\/p>\n<\/p><\/div>\n<\/div>\n<p>weiter <\/p>\n<p><div id=\"unten\"><\/div>\n<\/p>\n<p><button class=\"uk-button uk-button-primary uk-margin-small-right\" type=\"button\" uk-toggle=\"target: #modal-zwei\">Mehr<\/button><\/p>\n<p><!-- This is the modal --><\/p>\n<div id=\"modal-zwei\" uk-modal>\n<div class=\"uk-modal-dialog uk-modal-body\">\n<p>Vor der Pr\u00fcfung musst du keine Angst haben. Du bist hier willkommen. Beispielpr\u00fcfungen findest du auf der Website  <a href=\"http:\/\/www.zentraleaufnahmepruefung.ch\" target=\"_blank\">Zentraleaufnahmepruefung.ch.<\/p>\n<p class=\"uk-text-right\">\n            <button class=\"uk-button uk-button-default uk-modal-close\" type=\"button\">Schliessen<\/button><\/p>\n<\/p><\/div>\n<\/div>\n<p>weiter <\/p>\n<p><div id=\"unten\"><\/div>\n<\/p>\n<p><button class=\"uk-button uk-button-primary uk-margin-small-right\" type=\"button\" uk-toggle=\"target: #modal-drei\">Mehr<\/button><\/p>\n<p><!-- This is the modal --><\/p>\n<div id=\"modal-drei\" uk-modal>\n<div class=\"uk-modal-dialog uk-modal-body\">\n<p>Die Probezeit dauert ein Semester. Wir schauen, dass ihr in dieser Zeit nicht zu viele Pr\u00fcfungen auf einmal habt.<\/p>\n<p class=\"uk-text-right\">\n            <button class=\"uk-button uk-button-default uk-modal-close\" type=\"button\">Schliessen<\/button><\/p>\n<\/p><\/div>\n<\/div>\n<p>weiter <\/p>\n<p><div id=\"unten\"><\/div>\n<\/p>\n<p><button class=\"uk-button uk-button-primary uk-margin-small-right\" type=\"button\" uk-toggle=\"target: #modal-vier\">Mehr<\/button><\/p>\n<p><!-- This is the modal --><\/p>\n<div id=\"modal-vier\" uk-modal>\n<div class=\"uk-modal-dialog uk-modal-body\">\n<p>Du schaffst das! Wir unterst\u00fctzen dich beim Lernen w\u00e4hrend der Probezeit. Du kannst auch in unsere Aufgabenhilfe,  <a href=\"https:\/\/www.kshp.ch\/info\/1211.0.html\" target=\"_blank\">hier klicken. <\/a>\n<\/p>\n<p class=\"uk-text-right\">\n            <button class=\"uk-button uk-button-default uk-modal-close\" type=\"button\">Schliessen<\/button><\/p>\n<\/p><\/div>\n<\/div>\n<p>\u00dcbersicht<\/p>\n<p>nach oben<\/p>\n<p><div id=\"unten\"><\/div>\n<\/p>\n<p><!-- {\"name\":\"\",\"type\":\"layout\",\"children\":[{\"name\":\"modal-fullscreen-gallery\",\"type\":\"section\",\"props\":{\"image_size\":\"cover\",\"style\":\"default\",\"width\":\"default\",\"image\":\"wp-content\\\/uploads\\\/2017\\\/11\\\/KSHP_ZH_2012_1181.jpg\",\"height\":\"full\",\"text_color\":\"\",\"animation\":\"fade\",\"image_position\":\"center-center\",\"vertical_align\":\"bottom\",\"title_position\":\"top-left\",\"title_rotation\":\"left\",\"title_breakpoint\":\"xl\",\"id\":\"eins\"},\"children\":[{\"name\":\"\",\"type\":\"row\",\"props\":{\"layout\":\"1-1\",\"fixed_width\":\"large\",\"breakpoint\":\"m\"},\"children\":[{\"name\":\"\",\"type\":\"column\",\"props\":{\"widths\":[\"1-1\"],\"image_position\":\"center-center\"},\"children\":[{\"name\":\"\",\"type\":\"html\",\"props\":{\"content\":\"<button class=\\\"uk-button uk-button-primary uk-margin-small-right\\\" type=\\\"button\\\" uk-toggle=\\\"target: #modal-eins\\\">Mehr<\\\/button>\\n\\n<!-- This is the modal -->\\n<\/p>\n<div id=\\\"modal-eins\\\" uk-modal>\\n    <\/p>\n<div class=\\\"uk-modal-dialog uk-modal-body\\\">\\n \\n        <\/p>\n<p>Um an die Hohe Promenade zu kommen, gehst du genau gleich vor wie f\\u00fcr alle Gymnasien. Du musst die Aufnahmepr\\u00fcfung bestehen.\\n        <\/p>\n<p class=\\\"uk-text-right\\\">\\n            <button class=\\\"uk-button uk-button-default uk-modal-close\\\" type=\\\"button\\\">Schliessen<\\\/button>\\n           \\n        <\\\/p>\\n    <\\\/div>\\n<\\\/div>&#8222;}},{&#8222;name&#8220;:&#8220;&#8220;,&#8220;type&#8220;:&#8220;button&#8220;,&#8220;props&#8220;:{&#8222;gutter&#8220;:&#8220;small&#8220;,&#8220;margin&#8220;:&#8220;default&#8220;},&#8220;children&#8220;:[{&#8222;name&#8220;:&#8220;&#8220;,&#8220;type&#8220;:&#8220;button_item&#8220;,&#8220;props&#8220;:{&#8222;button_style&#8220;:&#8220;primary&#8220;,&#8220;icon_align&#8220;:&#8220;left&#8220;,&#8220;content&#8220;:&#8220;weiter &#8222;,&#8220;icon&#8220;:&#8220;triangle-down&#8220;,&#8220;link&#8220;:&#8220;#zwei&#8220;}}]},{&#8222;name&#8220;:&#8220;&#8220;,&#8220;type&#8220;:&#8220;html&#8220;,&#8220;props&#8220;:{&#8222;content&#8220;:&#8220;<\/p>\n<div id=\\\"unten\\\"><\\\/div>&#8222;}}]}]}]},{&#8222;name&#8220;:&#8220;modal-fullscreen-gallery&#8220;,&#8220;type&#8220;:&#8220;section&#8220;,&#8220;props&#8220;:{&#8222;image_size&#8220;:&#8220;cover&#8220;,&#8220;style&#8220;:&#8220;default&#8220;,&#8220;width&#8220;:&#8220;default&#8220;,&#8220;image&#8220;:&#8220;wp-content\\\/uploads\\\/2017\\\/10\\\/KSHP_ZH_2012_047.jpg&#8220;,&#8220;height&#8220;:&#8220;full&#8220;,&#8220;text_color&#8220;:&#8220;&#8220;,&#8220;animation&#8220;:&#8220;fade&#8220;,&#8220;image_position&#8220;:&#8220;center-center&#8220;,&#8220;vertical_align&#8220;:&#8220;bottom&#8220;,&#8220;title_position&#8220;:&#8220;top-left&#8220;,&#8220;title_rotation&#8220;:&#8220;left&#8220;,&#8220;title_breakpoint&#8220;:&#8220;xl&#8220;,&#8220;id&#8220;:&#8220;zwei&#8220;},&#8220;children&#8220;:[{&#8222;name&#8220;:&#8220;&#8220;,&#8220;type&#8220;:&#8220;row&#8220;,&#8220;props&#8220;:{&#8222;layout&#8220;:&#8220;1-1&#8243;,&#8220;fixed_width&#8220;:&#8220;large&#8220;,&#8220;breakpoint&#8220;:&#8220;m&#8220;},&#8220;children&#8220;:[{&#8222;name&#8220;:&#8220;&#8220;,&#8220;type&#8220;:&#8220;column&#8220;,&#8220;props&#8220;:{&#8222;widths&#8220;:[&#8222;1-1&#8243;],&#8220;image_position&#8220;:&#8220;center-center&#8220;},&#8220;children&#8220;:[{&#8222;name&#8220;:&#8220;&#8220;,&#8220;type&#8220;:&#8220;html&#8220;,&#8220;props&#8220;:{&#8222;content&#8220;:&#8220;<button class=\\\"uk-button uk-button-primary uk-margin-small-right\\\" type=\\\"button\\\" uk-toggle=\\\"target: #modal-zwei\\\">Mehr<\\\/button>\\n\\n<!-- This is the modal -->\\n<\/p>\n<div id=\\\"modal-zwei\\\" uk-modal>\\n    <\/p>\n<div class=\\\"uk-modal-dialog uk-modal-body\\\">\\n \\n        <\/p>\n<p>Vor der Pr\\u00fcfung musst du keine Angst haben. Du bist hier willkommen. Beispielpr\\u00fcfungen findest du auf der Website  <a href=\\\"http:\\\/\\\/www.zentraleaufnahmepruefung.ch\\\" target=\\\"_blank\\\">Zentraleaufnahmepruefung.ch.<\\\/p>\\n        <\/p>\n<p class=\\\"uk-text-right\\\">\\n            <button class=\\\"uk-button uk-button-default uk-modal-close\\\" type=\\\"button\\\">Schliessen<\\\/button>\\n           \\n        <\\\/p>\\n    <\\\/div>\\n<\\\/div>&#8222;}},{&#8222;name&#8220;:&#8220;&#8220;,&#8220;type&#8220;:&#8220;button&#8220;,&#8220;props&#8220;:{&#8222;gutter&#8220;:&#8220;small&#8220;,&#8220;margin&#8220;:&#8220;default&#8220;},&#8220;children&#8220;:[{&#8222;name&#8220;:&#8220;&#8220;,&#8220;type&#8220;:&#8220;button_item&#8220;,&#8220;props&#8220;:{&#8222;button_style&#8220;:&#8220;primary&#8220;,&#8220;icon_align&#8220;:&#8220;left&#8220;,&#8220;content&#8220;:&#8220;weiter &#8222;,&#8220;icon&#8220;:&#8220;triangle-down&#8220;,&#8220;link&#8220;:&#8220;#drei&#8220;}}]},{&#8222;name&#8220;:&#8220;&#8220;,&#8220;type&#8220;:&#8220;html&#8220;,&#8220;props&#8220;:{&#8222;content&#8220;:&#8220;<\/p>\n<div id=\\\"unten\\\"><\\\/div>&#8222;}}]}]}]},{&#8222;name&#8220;:&#8220;modal-fullscreen-gallery&#8220;,&#8220;type&#8220;:&#8220;section&#8220;,&#8220;props&#8220;:{&#8222;image_size&#8220;:&#8220;cover&#8220;,&#8220;style&#8220;:&#8220;default&#8220;,&#8220;width&#8220;:&#8220;default&#8220;,&#8220;image&#8220;:&#8220;wp-content\\\/uploads\\\/2017\\\/10\\\/KSHP_ZH_2012_044.jpg&#8220;,&#8220;height&#8220;:&#8220;full&#8220;,&#8220;text_color&#8220;:&#8220;&#8220;,&#8220;animation&#8220;:&#8220;fade&#8220;,&#8220;image_position&#8220;:&#8220;center-center&#8220;,&#8220;vertical_align&#8220;:&#8220;bottom&#8220;,&#8220;title_position&#8220;:&#8220;top-left&#8220;,&#8220;title_rotation&#8220;:&#8220;left&#8220;,&#8220;title_breakpoint&#8220;:&#8220;xl&#8220;,&#8220;id&#8220;:&#8220;drei&#8220;},&#8220;children&#8220;:[{&#8222;name&#8220;:&#8220;&#8220;,&#8220;type&#8220;:&#8220;row&#8220;,&#8220;props&#8220;:{&#8222;layout&#8220;:&#8220;1-1&#8243;,&#8220;fixed_width&#8220;:&#8220;large&#8220;,&#8220;breakpoint&#8220;:&#8220;m&#8220;},&#8220;children&#8220;:[{&#8222;name&#8220;:&#8220;&#8220;,&#8220;type&#8220;:&#8220;column&#8220;,&#8220;props&#8220;:{&#8222;widths&#8220;:[&#8222;1-1&#8243;],&#8220;image_position&#8220;:&#8220;center-center&#8220;},&#8220;children&#8220;:[{&#8222;name&#8220;:&#8220;&#8220;,&#8220;type&#8220;:&#8220;html&#8220;,&#8220;props&#8220;:{&#8222;content&#8220;:&#8220;<button class=\\\"uk-button uk-button-primary uk-margin-small-right\\\" type=\\\"button\\\" uk-toggle=\\\"target: #modal-drei\\\">Mehr<\\\/button>\\n\\n<!-- This is the modal -->\\n<\/p>\n<div id=\\\"modal-drei\\\" uk-modal>\\n    <\/p>\n<div class=\\\"uk-modal-dialog uk-modal-body\\\">\\n \\n        <\/p>\n<p>Die Probezeit dauert ein Semester. Wir schauen, dass ihr in dieser Zeit nicht zu viele Pr\\u00fcfungen auf einmal habt.\\n\\n<\\\/p>\\n        <\/p>\n<p class=\\\"uk-text-right\\\">\\n            <button class=\\\"uk-button uk-button-default uk-modal-close\\\" type=\\\"button\\\">Schliessen<\\\/button>\\n           \\n        <\\\/p>\\n    <\\\/div>\\n<\\\/div>&#8222;}},{&#8222;name&#8220;:&#8220;&#8220;,&#8220;type&#8220;:&#8220;button&#8220;,&#8220;props&#8220;:{&#8222;gutter&#8220;:&#8220;small&#8220;,&#8220;margin&#8220;:&#8220;default&#8220;},&#8220;children&#8220;:[{&#8222;name&#8220;:&#8220;&#8220;,&#8220;type&#8220;:&#8220;button_item&#8220;,&#8220;props&#8220;:{&#8222;button_style&#8220;:&#8220;primary&#8220;,&#8220;icon_align&#8220;:&#8220;left&#8220;,&#8220;content&#8220;:&#8220;weiter &#8222;,&#8220;icon&#8220;:&#8220;triangle-down&#8220;,&#8220;link&#8220;:&#8220;#vier&#8220;}}]},{&#8222;name&#8220;:&#8220;&#8220;,&#8220;type&#8220;:&#8220;html&#8220;,&#8220;props&#8220;:{&#8222;content&#8220;:&#8220;<\/p>\n<div id=\\\"unten\\\"><\\\/div>&#8222;}}]}]}]},{&#8222;name&#8220;:&#8220;modal-fullscreen-gallery&#8220;,&#8220;type&#8220;:&#8220;section&#8220;,&#8220;props&#8220;:{&#8222;image_size&#8220;:&#8220;cover&#8220;,&#8220;style&#8220;:&#8220;default&#8220;,&#8220;width&#8220;:&#8220;default&#8220;,&#8220;image&#8220;:&#8220;wp-content\\\/uploads\\\/2017\\\/11\\\/KSHP_ZH_2012_074.jpg&#8220;,&#8220;height&#8220;:&#8220;full&#8220;,&#8220;text_color&#8220;:&#8220;&#8220;,&#8220;animation&#8220;:&#8220;fade&#8220;,&#8220;image_position&#8220;:&#8220;center-center&#8220;,&#8220;vertical_align&#8220;:&#8220;bottom&#8220;,&#8220;title_position&#8220;:&#8220;top-left&#8220;,&#8220;title_rotation&#8220;:&#8220;left&#8220;,&#8220;title_breakpoint&#8220;:&#8220;xl&#8220;,&#8220;id&#8220;:&#8220;vier&#8220;},&#8220;children&#8220;:[{&#8222;name&#8220;:&#8220;&#8220;,&#8220;type&#8220;:&#8220;row&#8220;,&#8220;props&#8220;:{&#8222;layout&#8220;:&#8220;1-1&#8243;,&#8220;fixed_width&#8220;:&#8220;large&#8220;,&#8220;breakpoint&#8220;:&#8220;m&#8220;},&#8220;children&#8220;:[{&#8222;name&#8220;:&#8220;&#8220;,&#8220;type&#8220;:&#8220;column&#8220;,&#8220;props&#8220;:{&#8222;widths&#8220;:[&#8222;1-1&#8243;],&#8220;image_position&#8220;:&#8220;center-center&#8220;},&#8220;children&#8220;:[{&#8222;name&#8220;:&#8220;&#8220;,&#8220;type&#8220;:&#8220;html&#8220;,&#8220;props&#8220;:{&#8222;content&#8220;:&#8220;<button class=\\\"uk-button uk-button-primary uk-margin-small-right\\\" type=\\\"button\\\" uk-toggle=\\\"target: #modal-vier\\\">Mehr<\\\/button>\\n\\n<!-- This is the modal -->\\n<\/p>\n<div id=\\\"modal-vier\\\" uk-modal>\\n    <\/p>\n<div class=\\\"uk-modal-dialog uk-modal-body\\\">\\n \\n        <\/p>\n<p>Du schaffst das! Wir unterst\\u00fctzen dich beim Lernen w\\u00e4hrend der Probezeit. Du kannst auch in unsere Aufgabenhilfe,  <a href=\\\"https:\\\/\\\/www.kshp.ch\\\/info\\\/1211.0.html\\\" target=\\\"_blank\\\">hier klicken. <\\\/a>\\n<\\\/p>\\n        <\/p>\n<p class=\\\"uk-text-right\\\">\\n            <button class=\\\"uk-button uk-button-default uk-modal-close\\\" type=\\\"button\\\">Schliessen<\\\/button>\\n           \\n        <\\\/p>\\n    <\\\/div>\\n<\\\/div>&#8222;}},{&#8222;name&#8220;:&#8220;button zuunterst&#8220;,&#8220;type&#8220;:&#8220;button&#8220;,&#8220;props&#8220;:{&#8222;gutter&#8220;:&#8220;small&#8220;,&#8220;margin&#8220;:&#8220;default&#8220;},&#8220;children&#8220;:[{&#8222;name&#8220;:&#8220;&#8220;,&#8220;type&#8220;:&#8220;button_item&#8220;,&#8220;props&#8220;:{&#8222;button_style&#8220;:&#8220;primary&#8220;,&#8220;icon_align&#8220;:&#8220;left&#8220;,&#8220;content&#8220;:&#8220;\\u00dcbersicht&#8220;,&#8220;icon&#8220;:&#8220;thumbnails&#8220;,&#8220;link&#8220;:&#8220;http:\\\/\\\/meine.hopro.ch\\\/cms\\\/&#8220;}},{&#8222;name&#8220;:&#8220;&#8220;,&#8220;type&#8220;:&#8220;button_item&#8220;,&#8220;props&#8220;:{&#8222;button_style&#8220;:&#8220;secondary&#8220;,&#8220;icon_align&#8220;:&#8220;left&#8220;,&#8220;content&#8220;:&#8220;nach oben&#8220;,&#8220;icon&#8220;:&#8220;arrow-up&#8220;,&#8220;link&#8220;:&#8220;#&#8220;}}]},{&#8222;name&#8220;:&#8220;&#8220;,&#8220;type&#8220;:&#8220;html&#8220;,&#8220;props&#8220;:{&#8222;content&#8220;:&#8220;<\/p>\n<div id=\\\"unten\\\"><\\\/div>&#8222;}}]}]}]}]} &#8211;><\/p>\n","protected":false},"excerpt":{"rendered":"<p>Mehr Um an die Hohe Promenade zu kommen, gehst du genau gleich vor wie f\u00fcr alle Gymnasien. Du musst die Aufnahmepr\u00fcfung bestehen. Schliessen weiter Mehr Vor der Pr\u00fcfung musst du keine Angst haben. Du bist hier willkommen. Beispielpr\u00fcfungen findest du auf der Website Zentraleaufnahmepruefung.ch. Schliessen weiter Mehr Die Probezeit dauert ein Semester. Wir schauen, dass [&hellip;]<\/p>\n","protected":false},"author":1,"featured_media":0,"parent":0,"menu_order":0,"comment_status":"closed","ping_status":"closed","template":"","meta":{"footnotes":""},"class_list":["post-166","page","type-page","status-publish","hentry"],"_links":{"self":[{"href":"https:\/\/meine.hopro.ch\/cms\/index.php?rest_route=\/wp\/v2\/pages\/166","targetHints":{"allow":["GET"]}}],"collection":[{"href":"https:\/\/meine.hopro.ch\/cms\/index.php?rest_route=\/wp\/v2\/pages"}],"about":[{"href":"https:\/\/meine.hopro.ch\/cms\/index.php?rest_route=\/wp\/v2\/types\/page"}],"author":[{"embeddable":true,"href":"https:\/\/meine.hopro.ch\/cms\/index.php?rest_route=\/wp\/v2\/users\/1"}],"replies":[{"embeddable":true,"href":"https:\/\/meine.hopro.ch\/cms\/index.php?rest_route=%2Fwp%2Fv2%2Fcomments&post=166"}],"version-history":[{"count":25,"href":"https:\/\/meine.hopro.ch\/cms\/index.php?rest_route=\/wp\/v2\/pages\/166\/revisions"}],"predecessor-version":[{"id":564,"href":"https:\/\/meine.hopro.ch\/cms\/index.php?rest_route=\/wp\/v2\/pages\/166\/revisions\/564"}],"wp:attachment":[{"href":"https:\/\/meine.hopro.ch\/cms\/index.php?rest_route=%2Fwp%2Fv2%2Fmedia&parent=166"}],"curies":[{"name":"wp","href":"https:\/\/api.w.org\/{rel}","templated":true}]}}