{"id":78,"date":"2017-05-28T21:05:02","date_gmt":"2017-05-28T21:05:02","guid":{"rendered":"http:\/\/meine.hopro.ch\/cms\/?page_id=78"},"modified":"2021-02-05T10:05:02","modified_gmt":"2021-02-05T10:05:02","slug":"bg","status":"publish","type":"page","link":"https:\/\/meine.hopro.ch\/cms\/?page_id=78","title":{"rendered":"Freunde"},"content":{"rendered":"<div>\n<p>    <button class=\"uk-button uk-button-primary uk-margin-small-right\" type=\"button\" uk-toggle=\"target: #modal-example\">Mehr<\/button><\/p>\n<p><!-- This is the modal --><\/p>\n<div id=\"modal-example\" uk-modal>\n<div class=\"uk-modal-dialog uk-modal-body\">\n<p>Die Schule und die Umgebung bieten viele M\u00f6glichkeiten, sich zu treffen. An der HoPro schliesst du schnell Freundschaften. In der Klasse oder auf dem Pausenhof.<\/p>\n<p class=\"uk-text-right\">\n            <button class=\"uk-button uk-button-default uk-modal-close\" type=\"button\">Schliessen<\/button><\/p>\n<\/p><\/div>\n<\/div>\n<\/div>\n<p>\n    <a href=\"#zwei\">weiter <\/a>\n<\/p>\n<div>\n<div id=\"unten\"><\/div>\n<\/div>\n<div>\n<p>    <button class=\"uk-button uk-button-primary uk-margin-small-right\" type=\"button\" uk-toggle=\"target: #modal-zwei\">Mehr<\/button><\/p>\n<p><!-- This is the modal --><\/p>\n<div id=\"modal-zwei\" uk-modal>\n<div class=\"uk-modal-dialog uk-modal-body\">\n<p>\nViele teilen deine Interessen. Machen Sport, spielen ein Instrument, lesen gerne und haben es lustig. Der Zusammenhalt sorgt f\u00fcr einen guten Klassengeist.<\/p>\n<p class=\"uk-text-right\">\n            <button class=\"uk-button uk-button-default uk-modal-close\" type=\"button\">Schliessen<\/button><\/p>\n<\/p><\/div>\n<\/div>\n<\/div>\n<p>\n    <a href=\"#drei\">weiter <\/a>\n<\/p>\n<div>\n<div id=\"unten\"><\/div>\n<\/div>\n<div>\n<p>    <button class=\"uk-button uk-button-primary uk-margin-small-right\" type=\"button\" uk-toggle=\"target: #modal-drei\">Mehr<\/button><\/p>\n<p><!-- This is the modal --><\/p>\n<div id=\"modal-drei\" uk-modal>\n<div class=\"uk-modal-dialog uk-modal-body\">\n<p>\nAn der Hohen Promenade sind wir fair zu einander, achten darauf, dass sich niemand ausgeschlossen f\u00fchlt. Dies ist uns sehr wichtig, weil gute Freundschaften auf dem Weg zur Matur helfen.<\/p>\n<p class=\"uk-text-right\">\n            <button class=\"uk-button uk-button-default uk-modal-close\" type=\"button\">Schliessen<\/button><\/p>\n<\/p><\/div>\n<\/div>\n<\/div>\n<p>\n    <a href=\"#vier\">weiter <\/a>\n<\/p>\n<div>\n<div id=\"unten\"><\/div>\n<\/div>\n<div>\n<p>    <button class=\"uk-button uk-button-primary uk-margin-small-right\" type=\"button\" uk-toggle=\"target: #modal-vier\">Mehr<\/button><\/p>\n<p><!-- This is the modal --><\/p>\n<div id=\"modal-vier\" uk-modal>\n<div class=\"uk-modal-dialog uk-modal-body\">\n<p>Es gibt Orchesterkonzerte, einen Chor, Tanzauff\u00fchrungen, grosse Theaterprojekte und insgesamt viele M\u00f6glichkeiten, wo du dein Talent und deine Kreativit\u00e4t einbringen kannst.<\/p>\n<p class=\"uk-text-right\">\n            <button class=\"uk-button uk-button-default uk-modal-close\" type=\"button\">Schliessen<\/button><\/p>\n<\/p><\/div>\n<\/div>\n<\/div>\n<p>\n    <a href=\"#fuenf\">weiter <\/a>\n<\/p>\n<div>\n<div id=\"unten\"><\/div>\n<\/div>\n<div>\n<p>    <button class=\"uk-button uk-button-primary uk-margin-small-right\" type=\"button\" uk-toggle=\"target: #modal-fuenf\">Mehr<\/button><\/p>\n<p><!-- This is the modal --><\/p>\n<div id=\"modal-fuenf\" uk-modal>\n<div class=\"uk-modal-dialog uk-modal-body\">\n<p>Zwei Sporttage im Jahr, Freif\u00e4cher mit verschiedenen Sportarten und l\u00e4ssige sowie topmotivierte Sportlehrer sorgen f\u00fcr viel Action. HoPro-Sch\u00fcler gewinnen immer wieder internationale Sportwettbewerbe. <\/p>\n<p class=\"uk-text-right\">\n            <button class=\"uk-button uk-button-default uk-modal-close\" type=\"button\">Schliessen<\/button><\/p>\n<\/p><\/div>\n<\/div>\n<\/div>\n<p>\n    <a href=\"#sechs\">weiter <\/a>\n<\/p>\n<div>\n<div id=\"unten\"><\/div>\n<\/div>\n<div>\n<p>    <button class=\"uk-button uk-button-primary uk-margin-small-right\" type=\"button\" uk-toggle=\"target: #modal-sechs\">Mehr<\/button><\/p>\n<p><!-- This is the modal --><\/p>\n<div id=\"modal-sechs\" uk-modal>\n<div class=\"uk-modal-dialog uk-modal-body\">\n<p>Auf Schulreisen, Exkursionen, in Skilagern und Studienwochen lernst du deine Freunde noch besser kennen. An der HoPro zur Schule zu gehen, heisst auch: Spass mit Lernen verbinden. <\/p>\n<p class=\"uk-text-right\">\n            <button class=\"uk-button uk-button-default uk-modal-close\" type=\"button\">Schliessen<\/button><\/p>\n<\/p><\/div>\n<\/div>\n<\/div>\n<ul>\n<li>\n        <a href=\"http:\/\/meine.hopro.ch\/cms\/\">\u00dcbersicht<\/a>\n    <\/li>\n<li>\n        <a href=\"#\">nach oben<\/a>\n    <\/li>\n<\/ul>\n<div>\n<div id=\"unten\"><\/div>\n<\/div>\n<p><!-- {\"name\":\"\",\"type\":\"layout\",\"children\":[{\"name\":\"HeroStandard\",\"type\":\"section\",\"props\":{\"image_size\":\"cover\",\"style\":\"muted\",\"width\":\"default\",\"image\":\"wp-content\\\/uploads\\\/2017\\\/10\\\/KSHP_ZH_2012_120.jpg\",\"height\":\"full\",\"animation\":\"fade\",\"image_position\":\"center-center\",\"vertical_align\":\"bottom\",\"title_position\":\"top-left\",\"title_rotation\":\"left\",\"title_breakpoint\":\"xl\",\"header_transparent\":\"light\",\"overlap\":false,\"header_transparent_noplaceholder\":false},\"children\":[{\"name\":\"\",\"type\":\"row\",\"props\":{\"margin\":\"default\",\"vertical_align\":false},\"children\":[{\"name\":\"\",\"type\":\"column\",\"props\":{\"image_position\":\"center-center\",\"width_medium\":\"1-1\",\"media_overlay_gradient\":\"\"},\"children\":[{\"name\":\"\",\"type\":\"html\",\"props\":{\"content\":\"<button class=\\\"uk-button uk-button-primary uk-margin-small-right\\\" type=\\\"button\\\" uk-toggle=\\\"target: #modal-example\\\">Mehr<\\\/button>\\n\\n\\n\\n<!-- This is the modal -->\\n<\/p>\n<div id=\\\"modal-example\\\" uk-modal>\\n    <\/p>\n<div class=\\\"uk-modal-dialog uk-modal-body\\\">\\n   \\n        <\/p>\n<p>Die Schule und die Umgebung bieten viele M\\u00f6glichkeiten, sich zu treffen. An der HoPro schliesst du schnell Freundschaften. In der Klasse oder auf dem Pausenhof.\\n\\n<\\\/p>\\n        <\/p>\n<p class=\\\"uk-text-right\\\">\\n            <button class=\\\"uk-button uk-button-default uk-modal-close\\\" type=\\\"button\\\">Schliessen<\\\/button>\\n           \\n        <\\\/p>\\n    <\\\/div>\\n<\\\/div>&#8222;}},{&#8222;name&#8220;:&#8220;&#8220;,&#8220;type&#8220;:&#8220;button&#8220;,&#8220;props&#8220;:{&#8222;margin&#8220;:&#8220;default&#8220;,&#8220;grid_column_gap&#8220;:&#8220;small&#8220;,&#8220;grid_row_gap&#8220;:&#8220;small&#8220;},&#8220;children&#8220;:[{&#8222;name&#8220;:&#8220;&#8220;,&#8220;type&#8220;:&#8220;button_item&#8220;,&#8220;props&#8220;:{&#8222;button_style&#8220;:&#8220;primary&#8220;,&#8220;icon_align&#8220;:&#8220;left&#8220;,&#8220;content&#8220;:&#8220;weiter &#8222;,&#8220;icon&#8220;:&#8220;triangle-down&#8220;,&#8220;link&#8220;:&#8220;#zwei&#8220;}}]},{&#8222;name&#8220;:&#8220;&#8220;,&#8220;type&#8220;:&#8220;html&#8220;,&#8220;props&#8220;:{&#8222;content&#8220;:&#8220;<\/p>\n<div id=\\\"unten\\\"><\\\/div>&#8222;}}]}]}]},{&#8222;name&#8220;:&#8220;modal-fullscreen-gallery&#8220;,&#8220;type&#8220;:&#8220;section&#8220;,&#8220;props&#8220;:{&#8222;image_size&#8220;:&#8220;cover&#8220;,&#8220;style&#8220;:&#8220;default&#8220;,&#8220;width&#8220;:&#8220;default&#8220;,&#8220;image&#8220;:&#8220;wp-content\\\/uploads\\\/2017\\\/10\\\/KSHP_ZH_2012_028.jpg&#8220;,&#8220;height&#8220;:&#8220;full&#8220;,&#8220;animation&#8220;:&#8220;fade&#8220;,&#8220;image_position&#8220;:&#8220;center-center&#8220;,&#8220;vertical_align&#8220;:&#8220;bottom&#8220;,&#8220;title_position&#8220;:&#8220;top-left&#8220;,&#8220;title_rotation&#8220;:&#8220;left&#8220;,&#8220;title_breakpoint&#8220;:&#8220;xl&#8220;,&#8220;id&#8220;:&#8220;zwei&#8220;},&#8220;children&#8220;:[{&#8222;name&#8220;:&#8220;&#8220;,&#8220;type&#8220;:&#8220;row&#8220;,&#8220;children&#8220;:[{&#8222;name&#8220;:&#8220;&#8220;,&#8220;type&#8220;:&#8220;column&#8220;,&#8220;props&#8220;:{&#8222;image_position&#8220;:&#8220;center-center&#8220;,&#8220;width_medium&#8220;:&#8220;1-1&#8243;,&#8220;media_overlay_gradient&#8220;:&#8220;&#8220;},&#8220;children&#8220;:[{&#8222;name&#8220;:&#8220;&#8220;,&#8220;type&#8220;:&#8220;html&#8220;,&#8220;props&#8220;:{&#8222;content&#8220;:&#8220;<button class=\\\"uk-button uk-button-primary uk-margin-small-right\\\" type=\\\"button\\\" uk-toggle=\\\"target: #modal-zwei\\\">Mehr<\\\/button>\\n\\n\\n\\n<!-- This is the modal -->\\n<\/p>\n<div id=\\\"modal-zwei\\\" uk-modal>\\n    <\/p>\n<div class=\\\"uk-modal-dialog uk-modal-body\\\">\\n        <\/p>\n<p>\\nViele teilen deine Interessen. Machen Sport, spielen ein Instrument, lesen gerne und haben es lustig. Der Zusammenhalt sorgt f\\u00fcr einen guten Klassengeist.\\n\\n        <\/p>\n<p class=\\\"uk-text-right\\\">\\n            <button class=\\\"uk-button uk-button-default uk-modal-close\\\" type=\\\"button\\\">Schliessen<\\\/button>\\n           \\n        <\\\/p>\\n    <\\\/div>\\n<\\\/div>&#8222;}},{&#8222;name&#8220;:&#8220;&#8220;,&#8220;type&#8220;:&#8220;button&#8220;,&#8220;props&#8220;:{&#8222;margin&#8220;:&#8220;default&#8220;,&#8220;grid_column_gap&#8220;:&#8220;small&#8220;,&#8220;grid_row_gap&#8220;:&#8220;small&#8220;},&#8220;children&#8220;:[{&#8222;name&#8220;:&#8220;&#8220;,&#8220;type&#8220;:&#8220;button_item&#8220;,&#8220;props&#8220;:{&#8222;button_style&#8220;:&#8220;primary&#8220;,&#8220;icon_align&#8220;:&#8220;left&#8220;,&#8220;content&#8220;:&#8220;weiter &#8222;,&#8220;icon&#8220;:&#8220;triangle-down&#8220;,&#8220;link&#8220;:&#8220;#drei&#8220;}}]},{&#8222;name&#8220;:&#8220;&#8220;,&#8220;type&#8220;:&#8220;html&#8220;,&#8220;props&#8220;:{&#8222;content&#8220;:&#8220;<\/p>\n<div id=\\\"unten\\\"><\\\/div>&#8222;}}]}]}]},{&#8222;name&#8220;:&#8220;Panel-fullscreen-gallery&#8220;,&#8220;type&#8220;:&#8220;section&#8220;,&#8220;props&#8220;:{&#8222;image_size&#8220;:&#8220;cover&#8220;,&#8220;style&#8220;:&#8220;default&#8220;,&#8220;width&#8220;:&#8220;default&#8220;,&#8220;image&#8220;:&#8220;wp-content\\\/uploads\\\/2017\\\/10\\\/KSHP_ZH_2012_033.jpg&#8220;,&#8220;height&#8220;:&#8220;full&#8220;,&#8220;animation&#8220;:&#8220;fade&#8220;,&#8220;image_position&#8220;:&#8220;center-center&#8220;,&#8220;vertical_align&#8220;:&#8220;bottom&#8220;,&#8220;title_position&#8220;:&#8220;top-left&#8220;,&#8220;title_rotation&#8220;:&#8220;left&#8220;,&#8220;title_breakpoint&#8220;:&#8220;xl&#8220;,&#8220;id&#8220;:&#8220;drei&#8220;},&#8220;children&#8220;:[{&#8222;name&#8220;:&#8220;&#8220;,&#8220;type&#8220;:&#8220;row&#8220;,&#8220;children&#8220;:[{&#8222;name&#8220;:&#8220;&#8220;,&#8220;type&#8220;:&#8220;column&#8220;,&#8220;props&#8220;:{&#8222;image_position&#8220;:&#8220;center-center&#8220;,&#8220;width_medium&#8220;:&#8220;1-1&#8243;,&#8220;media_overlay_gradient&#8220;:&#8220;&#8220;},&#8220;children&#8220;:[{&#8222;name&#8220;:&#8220;&#8220;,&#8220;type&#8220;:&#8220;html&#8220;,&#8220;props&#8220;:{&#8222;content&#8220;:&#8220;<button class=\\\"uk-button uk-button-primary uk-margin-small-right\\\" type=\\\"button\\\" uk-toggle=\\\"target: #modal-drei\\\">Mehr<\\\/button>\\n\\n\\n\\n<!-- This is the modal -->\\n<\/p>\n<div id=\\\"modal-drei\\\" uk-modal>\\n    <\/p>\n<div class=\\\"uk-modal-dialog uk-modal-body\\\">\\n        <\/p>\n<p>\\nAn der Hohen Promenade sind wir fair zu einander, achten darauf, dass sich niemand ausgeschlossen f\\u00fchlt. Dies ist uns sehr wichtig, weil gute Freundschaften auf dem Weg zur Matur helfen.\\n\\n        <\/p>\n<p class=\\\"uk-text-right\\\">\\n            <button class=\\\"uk-button uk-button-default uk-modal-close\\\" type=\\\"button\\\">Schliessen<\\\/button>\\n           \\n        <\\\/p>\\n    <\\\/div>\\n<\\\/div>&#8222;}},{&#8222;name&#8220;:&#8220;&#8220;,&#8220;type&#8220;:&#8220;button&#8220;,&#8220;props&#8220;:{&#8222;margin&#8220;:&#8220;default&#8220;,&#8220;grid_column_gap&#8220;:&#8220;small&#8220;,&#8220;grid_row_gap&#8220;:&#8220;small&#8220;},&#8220;children&#8220;:[{&#8222;name&#8220;:&#8220;&#8220;,&#8220;type&#8220;:&#8220;button_item&#8220;,&#8220;props&#8220;:{&#8222;button_style&#8220;:&#8220;primary&#8220;,&#8220;icon_align&#8220;:&#8220;left&#8220;,&#8220;content&#8220;:&#8220;weiter &#8222;,&#8220;icon&#8220;:&#8220;triangle-down&#8220;,&#8220;link&#8220;:&#8220;#vier&#8220;}}]},{&#8222;name&#8220;:&#8220;&#8220;,&#8220;type&#8220;:&#8220;html&#8220;,&#8220;props&#8220;:{&#8222;content&#8220;:&#8220;<\/p>\n<div id=\\\"unten\\\"><\\\/div>&#8222;}}]}]}]},{&#8222;name&#8220;:&#8220;HeroStandard&#8220;,&#8220;type&#8220;:&#8220;section&#8220;,&#8220;props&#8220;:{&#8222;image_size&#8220;:&#8220;cover&#8220;,&#8220;style&#8220;:&#8220;default&#8220;,&#8220;width&#8220;:&#8220;default&#8220;,&#8220;image&#8220;:&#8220;wp-content\\\/uploads\\\/2017\\\/10\\\/Konzert-Konzert-023.jpg&#8220;,&#8220;height&#8220;:&#8220;full&#8220;,&#8220;animation&#8220;:&#8220;fade&#8220;,&#8220;image_position&#8220;:&#8220;center-center&#8220;,&#8220;vertical_align&#8220;:&#8220;bottom&#8220;,&#8220;title_position&#8220;:&#8220;top-left&#8220;,&#8220;title_rotation&#8220;:&#8220;left&#8220;,&#8220;title_breakpoint&#8220;:&#8220;xl&#8220;,&#8220;id&#8220;:&#8220;vier&#8220;},&#8220;children&#8220;:[{&#8222;name&#8220;:&#8220;&#8220;,&#8220;type&#8220;:&#8220;row&#8220;,&#8220;children&#8220;:[{&#8222;name&#8220;:&#8220;&#8220;,&#8220;type&#8220;:&#8220;column&#8220;,&#8220;props&#8220;:{&#8222;image_position&#8220;:&#8220;center-center&#8220;,&#8220;width_medium&#8220;:&#8220;1-1&#8243;,&#8220;media_overlay_gradient&#8220;:&#8220;&#8220;},&#8220;children&#8220;:[{&#8222;name&#8220;:&#8220;&#8220;,&#8220;type&#8220;:&#8220;html&#8220;,&#8220;props&#8220;:{&#8222;content&#8220;:&#8220;<button class=\\\"uk-button uk-button-primary uk-margin-small-right\\\" type=\\\"button\\\" uk-toggle=\\\"target: #modal-vier\\\">Mehr<\\\/button>\\n\\n\\n\\n<!-- This is the modal -->\\n<\/p>\n<div id=\\\"modal-vier\\\" uk-modal>\\n    <\/p>\n<div class=\\\"uk-modal-dialog uk-modal-body\\\">\\n        <\/p>\n<p>Es gibt Orchesterkonzerte, einen Chor, Tanzauff\\u00fchrungen, grosse Theaterprojekte und insgesamt viele M\\u00f6glichkeiten, wo du dein Talent und deine Kreativit\\u00e4t einbringen kannst.\\n\\n        <\/p>\n<p class=\\\"uk-text-right\\\">\\n            <button class=\\\"uk-button uk-button-default uk-modal-close\\\" type=\\\"button\\\">Schliessen<\\\/button>\\n           \\n        <\\\/p>\\n    <\\\/div>\\n<\\\/div>&#8222;}},{&#8222;name&#8220;:&#8220;&#8220;,&#8220;type&#8220;:&#8220;button&#8220;,&#8220;props&#8220;:{&#8222;margin&#8220;:&#8220;default&#8220;,&#8220;grid_column_gap&#8220;:&#8220;small&#8220;,&#8220;grid_row_gap&#8220;:&#8220;small&#8220;},&#8220;children&#8220;:[{&#8222;name&#8220;:&#8220;&#8220;,&#8220;type&#8220;:&#8220;button_item&#8220;,&#8220;props&#8220;:{&#8222;button_style&#8220;:&#8220;primary&#8220;,&#8220;icon_align&#8220;:&#8220;left&#8220;,&#8220;content&#8220;:&#8220;weiter &#8222;,&#8220;icon&#8220;:&#8220;triangle-down&#8220;,&#8220;link&#8220;:&#8220;#fuenf&#8220;}}]},{&#8222;name&#8220;:&#8220;&#8220;,&#8220;type&#8220;:&#8220;html&#8220;,&#8220;props&#8220;:{&#8222;content&#8220;:&#8220;<\/p>\n<div id=\\\"unten\\\"><\\\/div>&#8222;}}]}]}]},{&#8222;name&#8220;:&#8220;HeroStandard&#8220;,&#8220;type&#8220;:&#8220;section&#8220;,&#8220;props&#8220;:{&#8222;image_size&#8220;:&#8220;cover&#8220;,&#8220;style&#8220;:&#8220;default&#8220;,&#8220;width&#8220;:&#8220;default&#8220;,&#8220;image&#8220;:&#8220;wp-content\\\/uploads\\\/2017\\\/10\\\/Wintersporttag-2016_7.jpg&#8220;,&#8220;height&#8220;:&#8220;full&#8220;,&#8220;animation&#8220;:&#8220;fade&#8220;,&#8220;image_position&#8220;:&#8220;center-center&#8220;,&#8220;vertical_align&#8220;:&#8220;bottom&#8220;,&#8220;title_position&#8220;:&#8220;top-left&#8220;,&#8220;title_rotation&#8220;:&#8220;left&#8220;,&#8220;title_breakpoint&#8220;:&#8220;xl&#8220;,&#8220;id&#8220;:&#8220;fuenf&#8220;},&#8220;children&#8220;:[{&#8222;name&#8220;:&#8220;&#8220;,&#8220;type&#8220;:&#8220;row&#8220;,&#8220;children&#8220;:[{&#8222;name&#8220;:&#8220;&#8220;,&#8220;type&#8220;:&#8220;column&#8220;,&#8220;props&#8220;:{&#8222;image_position&#8220;:&#8220;center-center&#8220;,&#8220;width_medium&#8220;:&#8220;1-1&#8243;,&#8220;media_overlay_gradient&#8220;:&#8220;&#8220;},&#8220;children&#8220;:[{&#8222;name&#8220;:&#8220;&#8220;,&#8220;type&#8220;:&#8220;html&#8220;,&#8220;props&#8220;:{&#8222;content&#8220;:&#8220;<button class=\\\"uk-button uk-button-primary uk-margin-small-right\\\" type=\\\"button\\\" uk-toggle=\\\"target: #modal-fuenf\\\">Mehr<\\\/button>\\n\\n\\n\\n<!-- This is the modal -->\\n<\/p>\n<div id=\\\"modal-fuenf\\\" uk-modal>\\n    <\/p>\n<div class=\\\"uk-modal-dialog uk-modal-body\\\">\\n        <\/p>\n<p>Zwei Sporttage im Jahr, Freif\\u00e4cher mit verschiedenen Sportarten und l\\u00e4ssige sowie topmotivierte Sportlehrer sorgen f\\u00fcr viel Action. HoPro-Sch\\u00fcler gewinnen immer wieder internationale Sportwettbewerbe. \\n        <\/p>\n<p class=\\\"uk-text-right\\\">\\n            <button class=\\\"uk-button uk-button-default uk-modal-close\\\" type=\\\"button\\\">Schliessen<\\\/button>\\n           \\n        <\\\/p>\\n    <\\\/div>\\n<\\\/div>&#8222;}},{&#8222;name&#8220;:&#8220;&#8220;,&#8220;type&#8220;:&#8220;button&#8220;,&#8220;props&#8220;:{&#8222;margin&#8220;:&#8220;default&#8220;,&#8220;grid_column_gap&#8220;:&#8220;small&#8220;,&#8220;grid_row_gap&#8220;:&#8220;small&#8220;},&#8220;children&#8220;:[{&#8222;name&#8220;:&#8220;&#8220;,&#8220;type&#8220;:&#8220;button_item&#8220;,&#8220;props&#8220;:{&#8222;button_style&#8220;:&#8220;primary&#8220;,&#8220;icon_align&#8220;:&#8220;left&#8220;,&#8220;content&#8220;:&#8220;weiter &#8222;,&#8220;icon&#8220;:&#8220;triangle-down&#8220;,&#8220;link&#8220;:&#8220;#sechs&#8220;}}]},{&#8222;name&#8220;:&#8220;&#8220;,&#8220;type&#8220;:&#8220;html&#8220;,&#8220;props&#8220;:{&#8222;content&#8220;:&#8220;<\/p>\n<div id=\\\"unten\\\"><\\\/div>&#8222;}}]}]}]},{&#8222;name&#8220;:&#8220;HeroStandard&#8220;,&#8220;type&#8220;:&#8220;section&#8220;,&#8220;props&#8220;:{&#8222;image_size&#8220;:&#8220;cover&#8220;,&#8220;style&#8220;:&#8220;default&#8220;,&#8220;width&#8220;:&#8220;default&#8220;,&#8220;image&#8220;:&#8220;wp-content\\\/uploads\\\/2017\\\/10\\\/P1000558.jpg&#8220;,&#8220;height&#8220;:&#8220;full&#8220;,&#8220;animation&#8220;:&#8220;fade&#8220;,&#8220;image_position&#8220;:&#8220;center-center&#8220;,&#8220;vertical_align&#8220;:&#8220;bottom&#8220;,&#8220;title_position&#8220;:&#8220;top-left&#8220;,&#8220;title_rotation&#8220;:&#8220;left&#8220;,&#8220;title_breakpoint&#8220;:&#8220;xl&#8220;,&#8220;id&#8220;:&#8220;sechs&#8220;},&#8220;children&#8220;:[{&#8222;name&#8220;:&#8220;&#8220;,&#8220;type&#8220;:&#8220;row&#8220;,&#8220;children&#8220;:[{&#8222;name&#8220;:&#8220;&#8220;,&#8220;type&#8220;:&#8220;column&#8220;,&#8220;props&#8220;:{&#8222;image_position&#8220;:&#8220;center-center&#8220;,&#8220;width_medium&#8220;:&#8220;1-1&#8243;,&#8220;media_overlay_gradient&#8220;:&#8220;&#8220;},&#8220;children&#8220;:[{&#8222;name&#8220;:&#8220;&#8220;,&#8220;type&#8220;:&#8220;html&#8220;,&#8220;props&#8220;:{&#8222;content&#8220;:&#8220;<button class=\\\"uk-button uk-button-primary uk-margin-small-right\\\" type=\\\"button\\\" uk-toggle=\\\"target: #modal-sechs\\\">Mehr<\\\/button>\\n\\n\\n\\n<!-- This is the modal -->\\n<\/p>\n<div id=\\\"modal-sechs\\\" uk-modal>\\n    <\/p>\n<div class=\\\"uk-modal-dialog uk-modal-body\\\">\\n        <\/p>\n<p>Auf Schulreisen, Exkursionen, in Skilagern und Studienwochen lernst du deine Freunde noch besser kennen. An der HoPro zur Schule zu gehen, heisst auch: Spass mit Lernen verbinden. \\n        <\/p>\n<p class=\\\"uk-text-right\\\">\\n            <button class=\\\"uk-button uk-button-default uk-modal-close\\\" type=\\\"button\\\">Schliessen<\\\/button>\\n           \\n        <\\\/p>\\n    <\\\/div>\\n<\\\/div>&#8222;}},{&#8222;name&#8220;:&#8220;&#8220;,&#8220;type&#8220;:&#8220;button&#8220;,&#8220;props&#8220;:{&#8222;margin&#8220;:&#8220;default&#8220;,&#8220;grid_column_gap&#8220;:&#8220;small&#8220;,&#8220;grid_row_gap&#8220;:&#8220;small&#8220;},&#8220;children&#8220;:[{&#8222;name&#8220;:&#8220;&#8220;,&#8220;type&#8220;:&#8220;button_item&#8220;,&#8220;props&#8220;:{&#8222;button_style&#8220;:&#8220;primary&#8220;,&#8220;icon_align&#8220;:&#8220;left&#8220;,&#8220;content&#8220;:&#8220;\\u00dcbersicht&#8220;,&#8220;icon&#8220;:&#8220;thumbnails&#8220;,&#8220;link&#8220;:&#8220;http:\\\/\\\/meine.hopro.ch\\\/cms\\\/&#8220;}},{&#8222;name&#8220;:&#8220;&#8220;,&#8220;type&#8220;:&#8220;button_item&#8220;,&#8220;props&#8220;:{&#8222;button_style&#8220;:&#8220;secondary&#8220;,&#8220;icon_align&#8220;:&#8220;left&#8220;,&#8220;content&#8220;:&#8220;nach oben&#8220;,&#8220;icon&#8220;:&#8220;arrow-up&#8220;,&#8220;link&#8220;:&#8220;#&#8220;}}]},{&#8222;name&#8220;:&#8220;&#8220;,&#8220;type&#8220;:&#8220;html&#8220;,&#8220;props&#8220;:{&#8222;content&#8220;:&#8220;<\/p>\n<div id=\\\"unten\\\"><\\\/div>&#8222;}}]}]}]}],&#8220;version&#8220;:&#8220;2.2.4&#8243;} &#8211;><\/p>\n","protected":false},"excerpt":{"rendered":"<p>Mehr Die Schule und die Umgebung bieten viele M\u00f6glichkeiten, sich zu treffen. An der HoPro schliesst du schnell Freundschaften. In der Klasse oder auf dem Pausenhof. Schliessen weiter Mehr Viele teilen deine Interessen. Machen Sport, spielen ein Instrument, lesen gerne und haben es lustig. Der Zusammenhalt sorgt f\u00fcr einen guten Klassengeist. Schliessen weiter Mehr An [&hellip;]<\/p>\n","protected":false},"author":1,"featured_media":0,"parent":0,"menu_order":0,"comment_status":"closed","ping_status":"closed","template":"","meta":{"footnotes":""},"class_list":["post-78","page","type-page","status-publish","hentry"],"_links":{"self":[{"href":"https:\/\/meine.hopro.ch\/cms\/index.php?rest_route=\/wp\/v2\/pages\/78","targetHints":{"allow":["GET"]}}],"collection":[{"href":"https:\/\/meine.hopro.ch\/cms\/index.php?rest_route=\/wp\/v2\/pages"}],"about":[{"href":"https:\/\/meine.hopro.ch\/cms\/index.php?rest_route=\/wp\/v2\/types\/page"}],"author":[{"embeddable":true,"href":"https:\/\/meine.hopro.ch\/cms\/index.php?rest_route=\/wp\/v2\/users\/1"}],"replies":[{"embeddable":true,"href":"https:\/\/meine.hopro.ch\/cms\/index.php?rest_route=%2Fwp%2Fv2%2Fcomments&post=78"}],"version-history":[{"count":71,"href":"https:\/\/meine.hopro.ch\/cms\/index.php?rest_route=\/wp\/v2\/pages\/78\/revisions"}],"predecessor-version":[{"id":578,"href":"https:\/\/meine.hopro.ch\/cms\/index.php?rest_route=\/wp\/v2\/pages\/78\/revisions\/578"}],"wp:attachment":[{"href":"https:\/\/meine.hopro.ch\/cms\/index.php?rest_route=%2Fwp%2Fv2%2Fmedia&parent=78"}],"curies":[{"name":"wp","href":"https:\/\/api.w.org\/{rel}","templated":true}]}}